{"id":410,"date":"2014-01-09T13:49:32","date_gmt":"2014-01-09T13:49:32","guid":{"rendered":"http:\/\/blog.soton.ac.uk\/intergen\/?page_id=410"},"modified":"2014-02-24T09:59:41","modified_gmt":"2014-02-24T09:59:41","slug":"other-recommended-reading","status":"publish","type":"page","link":"https:\/\/blog.soton.ac.uk\/intergen\/other-recommended-reading\/","title":{"rendered":"Other recommended reading"},"content":{"rendered":"<h3>Looking for an introductory paper on current issues in another region?<\/h3>\n<p>Many of us work in one region or perhaps even one country. We can find ourselves wondering &#8216;What issues are keeping family demographers busy in Latin America, West Africa&#8230;.?&#8217;<\/p>\n<p>We invite you to share papers, commentaries, links that you think are useful introductions to contemporary issues in intergenerational research in your country or region.<\/p>\n<p>Brigida Garc\u00eda Guzm\u00e1n and Gabriela Meije-Pailles have started us off with two references on Latin America that others may find interesting. Please note your suggestions in the reply section and we will collate them during the seminar.<\/p>\n<p><a href=\"http:\/\/blog.soton.ac.uk\/intergen\/files\/2014\/01\/world5.gif\"><img loading=\"lazy\" decoding=\"async\" class=\"alignnone size-medium wp-image-417\" alt=\"world5\" src=\"http:\/\/blog.soton.ac.uk\/intergen\/files\/2014\/01\/world5-300x201.gif\" width=\"300\" height=\"201\" \/><\/a><\/p>\n<p><em>Latin America<\/em><\/p>\n<p>Albert Esteve, J Garc\u00eda-Rom\u00e1n, R Lesthaeghe and A L\u00f3pez-Gay (2013), &#8220;The Second Demographic Transition in Latin America: the 2010 Update&#8221; Paper available <a href=\"www.vub.ac.be\/SOCO\/ron\/LatAm-SDT-update.doc\" target=\"_blank\">here\u00a0 <\/a><\/p>\n<p>Br\u00edgida Garc\u00eda and Orlandina de Oliveira (2011), &#8220;Family Changes and Public Policies in Latin America&#8221;, Annual Review of Sociology, pp. 593-611.<\/p>\n<p>&nbsp;<\/p>\n","protected":false},"excerpt":{"rendered":"<p>Looking for an introductory paper on current issues in another region? Many of us work in one region or perhaps even one country. We can find ourselves wondering &#8216;What issues are keeping family demographers busy in Latin America, West Africa&#8230;.?&#8217; We invite you to share papers, commentaries, links that you think are useful introductions to [&hellip;]<\/p>\n","protected":false},"author":89968,"featured_media":0,"parent":0,"menu_order":0,"comment_status":"closed","ping_status":"closed","template":"","meta":{"footnotes":""},"class_list":["post-410","page","type-page","status-publish","hentry"],"_links":{"self":[{"href":"https:\/\/blog.soton.ac.uk\/intergen\/wp-json\/wp\/v2\/pages\/410","targetHints":{"allow":["GET"]}}],"collection":[{"href":"https:\/\/blog.soton.ac.uk\/intergen\/wp-json\/wp\/v2\/pages"}],"about":[{"href":"https:\/\/blog.soton.ac.uk\/intergen\/wp-json\/wp\/v2\/types\/page"}],"author":[{"embeddable":true,"href":"https:\/\/blog.soton.ac.uk\/intergen\/wp-json\/wp\/v2\/users\/89968"}],"replies":[{"embeddable":true,"href":"https:\/\/blog.soton.ac.uk\/intergen\/wp-json\/wp\/v2\/comments?post=410"}],"version-history":[{"count":5,"href":"https:\/\/blog.soton.ac.uk\/intergen\/wp-json\/wp\/v2\/pages\/410\/revisions"}],"predecessor-version":[{"id":418,"href":"https:\/\/blog.soton.ac.uk\/intergen\/wp-json\/wp\/v2\/pages\/410\/revisions\/418"}],"wp:attachment":[{"href":"https:\/\/blog.soton.ac.uk\/intergen\/wp-json\/wp\/v2\/media?parent=410"}],"curies":[{"name":"wp","href":"https:\/\/api.w.org\/{rel}","templated":true}]}}